{"id":10,"date":"2020-05-01T00:11:50","date_gmt":"2020-04-30T22:11:50","guid":{"rendered":"http:\/\/taichi-leung.be\/site\/?page_id=10"},"modified":"2026-04-23T08:29:24","modified_gmt":"2026-04-23T06:29:24","slug":"contact","status":"publish","type":"page","link":"http:\/\/taichi-leung.be\/site\/index.php\/contact\/","title":{"rendered":"Contact"},"content":{"rendered":"\n<p>Pour les horaires et adresses des diff\u00e9rents cours, consultez les pages dans \u00ab\u00a0Les Cours\u00a0\u00bb<\/p>\n\n\n\n<p>Pour plus d&rsquo;infos:<\/p>\n\n\n\n<p>Ma\u00eetre Leung : 0496-894 997<br>Ma\u00eetre Anne : 0495-627 516<br><\/p>\n\n\n\n<p>REMARQUE IMPORTANTE : une intervention peut \u00eatre demand\u00e9e \u00e0 votre mutuelle.<\/p>\n","protected":false},"excerpt":{"rendered":"<p>Pour les horaires et adresses des diff\u00e9rents cours, consultez les pages dans \u00ab\u00a0Les Cours\u00a0\u00bb Pour plus d&rsquo;infos: Ma\u00eetre Leung : 0496-894 997Ma\u00eetre Anne : 0495-627 516 REMARQUE IMPORTANTE : une intervention peut \u00eatre demand\u00e9e \u00e0 votre mutuelle.<\/p>\n","protected":false},"author":1,"featured_media":43,"parent":0,"menu_order":0,"comment_status":"closed","ping_status":"closed","template":"","meta":{"footnotes":""},"class_list":["post-10","page","type-page","status-publish","has-post-thumbnail","hentry"],"_links":{"self":[{"href":"http:\/\/taichi-leung.be\/site\/index.php\/wp-json\/wp\/v2\/pages\/10","targetHints":{"allow":["GET"]}}],"collection":[{"href":"http:\/\/taichi-leung.be\/site\/index.php\/wp-json\/wp\/v2\/pages"}],"about":[{"href":"http:\/\/taichi-leung.be\/site\/index.php\/wp-json\/wp\/v2\/types\/page"}],"author":[{"embeddable":true,"href":"http:\/\/taichi-leung.be\/site\/index.php\/wp-json\/wp\/v2\/users\/1"}],"replies":[{"embeddable":true,"href":"http:\/\/taichi-leung.be\/site\/index.php\/wp-json\/wp\/v2\/comments?post=10"}],"version-history":[{"count":6,"href":"http:\/\/taichi-leung.be\/site\/index.php\/wp-json\/wp\/v2\/pages\/10\/revisions"}],"predecessor-version":[{"id":1046,"href":"http:\/\/taichi-leung.be\/site\/index.php\/wp-json\/wp\/v2\/pages\/10\/revisions\/1046"}],"wp:featuredmedia":[{"embeddable":true,"href":"http:\/\/taichi-leung.be\/site\/index.php\/wp-json\/wp\/v2\/media\/43"}],"wp:attachment":[{"href":"http:\/\/taichi-leung.be\/site\/index.php\/wp-json\/wp\/v2\/media?parent=10"}],"curies":[{"name":"wp","href":"https:\/\/api.w.org\/{rel}","templated":true}]}}